8?
7
What is the units digit of 45062029?
9
What is the units digit of 42296300?
0
What is the billions digit of 1177092826?
1
What is the hundred millions digit of 1508028557?
5
What is the ten millions digit of 380625510?
8
What is the millions digit of 586706743?
6
What is the tens digit of 61250799?
9
What is the units digit of 644185103?
3
What is the hundred millions digit of 462053603?
4
What is the millions digit of 687246422?
7
What is the millions digit of 4277714571?
7
What is the thousands digit of 18954248?
4
What is the hundreds digit of 27591682?
6
What is the hundreds digit of 148885632?
6
What is the thousands digit of 1526491442?
1
What is the hundreds digit of 83608006?
0
What is the billions digit of 1040909709?
1
What is the hundred millions digit of 183389208?
1
What is the hundred millions digit of 231450975?
2
What is the millions digit of 3328261?
3
What is the millions digit of 704920229?
4
What is the thousands digit of 69274599?
4
What is the units digit of 25664587?
7
What is the tens digit of 86693316?
1
What is the hundreds digit of 7106144614?
6
What is the units digit of 1391303825?
5
What is the tens digit of 2295881271?
7
What is the ten thousands digit of 420171745?
7
What is the tens digit of 4894667?
6
What is the units digit of 87488229?
9
What is the thousands digit of 34697170?
7
What is the tens digit of 77035853?
5
What is the units digit of 358901238?
8
What is the millions digit of 98923193?
8
What is the hundred thousands digit of 909483838?
4
What is the ten millions digit of 65614600?
6
What is the hundreds digit of 68499385?
3
What is the hundred thousands digit of 39011257?
0
What is the ten millions digit of 655558821?
5
What is the units digit of 144211859?
9
What is the hundred thousands digit of 3287245100?
2
What is the hundreds digit of 4409015885?
8
What is the thousands digit of 48901616?
1
What is the hundred thousands digit of 71612850?
6
What is the millions digit of 220869920?
0
What is the tens digit of 513974845?
4
What is the hundreds digit of 3793488217?
2
What is the thousands digit of 1309162863?
2
What is the hundred millions digit of 701274436?
7
What is the hundred millions digit of 1218168099?
2
What is the units digit of 39045930?
0
What is the hundreds digit of 18265155?
1
What is the ten millions digit of 333359198?
3
What is the units digit of 537450575?
5
What is the hundred millions digit of 129792786?
1
What is the thousands digit of 980653800?
3
What is the tens digit of 47984195?
9
What is the thousands digit of 85695612?
5
What is the tens digit of 133460492?
9
What is the hundred thousands digit of 33657159?
6
What is the thousands digit of 941675651?
5
What is the ten millions digit of 613206339?
1
What is the millions digit of 99986111?
9
What is the hundred millions digit of 2795659490?
7
What is the units digit of 118343811?
1
What is the hundred millions digit of 1073175434?
0
What is the hundred thousands digit of 19333790?
3
What is the millions digit of 78213626?
8
What is the ten thousands digit of 16266802?
6
What is the units digit of 363932639?
9
What is the billions digit of 1319939062?
1
What is the hundred thousands digit of 4858301865?
3
What is the millions digit of 1144984123?
4
What is the tens digit of 15393947?
4
What is the tens digit of 99866202?
0
What is the tens digit of 96151897?
9
What is the millions digit of 723061891?
3
What is the ten millions digit of 3620921488?
2
What is the units digit of 591012323?
3
What is the hundred thousands digit of 101717395?
7
What is the ten millions digit of 755880746?
5
What is the hundreds digit of 4133834196?
1
What is the millions digit of 1248492402?
8
What is the units digit of 46595486?
6
What is the units digit of 167937928?
8
What is the units digit of 5776238367?
7
What is the millions digit of 552815449?
2
What is the tens digit of 166225151?
5
What is the units digit of 82300224?
4
What is the hundreds digit of 36577109?
1
What is the ten thousands digit of 1282383121?
8
What is the thousands digit of 2392032987?
2
What is the hundred thousands digit of 2037722692?
7
What is the hundreds digit of 64613489?
4
What is the thousands digit of 94479381?
9
What is the thousands digit of 296390821?
0
What is the ten millions digit of 1589959339?
8
What is the hundred millions digit of 278970381?
2
What is the ten thousands digit of 93217481?
1
What is the thousands digit of 8214833?
4
What is the millions digit of 5183091199?
3
What is the hundred millions digit of 1584710375?
5
What is the units digit of 287182784?
4
What is the hundred millions digit of 5668495142?
6
What is the ten millions digit of 124301261?
2
What is the units digit of 1178772600?
0
What is the ten millions digit of 270519004?
7
What is the hundred thousands digit of 10689157?
6
What is the millions digit of 17608996?
7
What is the thousands digit of 1409483621?
3
What is the millions digit of 1042305098?
2
What is the hundred millions digit of 614533964?
6
What is the units digit of 655850530?
0
What is the millions digit of 90227339?
0
What is the millions digit of 6298836?
6
What is the hundreds digit of 54337424?
4
What is the hundred thousands digit of 575538891?
5
What is the tens digit of 232139656?
5
What is the ten thousands digit of 3991859?
9
What is the hundred thousands digit of 205177695?
1
What is the tens digit of 401926701?
0
What is the units digit of 1924510532?
2
What is the ten thousands digit of 228440437?
4
What is the hundred thousands digit of 397035265?
0
What is the thousands digit of 1137588864?
8
What is the units digit of 78917003?
3
What is the ten millions digit of 2943430973?
4
What is the hundreds digit of 478213294?
2
What is the ten thousands digit of 73533153?
3
What is the units digit of 696412363?
3
What is the millions digit of 1282415994?
2
What is the ten millions digit of 110909667?
1
What is the thousands digit of 3939704082?
4
What is the hundred millions digit of 1936845700?
9
What is the ten millions digit of 14423477?
1
What is the ten millions digit of 91678714?
9
What is the hundred thousands digit of 42889581?
8
What is the tens digit of 124533330?
3
What is the units digit of 8594669?
9
What is the hundred millions digit of 2700294123?
7
What is the hundreds digit of 2303066547?
5
What is the tens digit of 2487646390?
9
What is the ten thousands digit of 1527187587?
8
What is the units digit of 116112783?
3
What is the ten millions digit of 65662277?
6
What is the hundred millions digit of 1463263332?
4
What is the ten millions digit of 1261229501?
6
What is the hundred thousands digit of 375434543?
4
What is the thousands digit of 20833521?
3
What is the units digit of 239863121?
1
What is the tens digit of 2666355385?
8
What is the ten thousands digit of 147889029?
8
What is the thousands digit of 62342717?
2
What is the tens digit of 81042850?
5
What is the millions digit of 38834750?
8
What is the hundred thousands digit of 2319862?
3
What is the billions digit of 2968520700?
2
What is the thousands digit of 329866901?
6
What is the hundred thousands digit of 22997803?
9
What is the hundred thousands digit of 184212429?
2
What is the hundred thousands digit of 3694161826?
1
What is the units digit of 179668584?
4
What is the thousands digit of 370476744?
6
What is the units digit of 524537402?
2
What is the units digit of 1043088001?
1
What is the millions digit of 5949155?
5
What is the units digit of 400025422?
2
What is the hundred millions digit of 119820866?
1
What is the thousands digit of 64576304?
6
What is the tens digit of 509580856?
5
What is the thousands digit of 33753169?
3
What is the ten millions digit of 144822764?
4
What is the units digit of 125707903?
3
What is the tens digit of 48594065?
6
What is the tens digit of 1263872061?
6
What is the ten millions digit of 528358031?
2
What is the units digit of 325822436?
6
What is the hundred millions digit of 149867554?
1
What is the billions digit of 4360933902?
4
What is the tens digit of 2024295965?
6
What is the millions digit of 21638123?
1
What is the units digit of 170114218?
8
What is the thousands digit of 41369415?
9
What is the tens digit of 2453651?
5
What is the hundred thousands digit 